divided by 4?
3
What is the remainder when 167 is divided by 3?
2
Calculate the remainder when 413 is divided by 52.
49
Calculate the remainder when 412 is divided by 220.
192
What is the remainder when 2507 is divided by 81?
77
What is the remainder when 254 is divided by 38?
26
Calculate the remainder when 507 is divided by 57.
51
What is the remainder when 716 is divided by 24?
20
What is the remainder when 86 is divided by 22?
20
Calculate the remainder when 1585 is divided by 13.
12
What is the remainder when 137 is divided by 20?
17
What is the remainder when 676 is divided by 37?
10
Calculate the remainder when 151 is divided by 23.
13
What is the remainder when 109 is divided by 43?
23
Calculate the remainder when 1747 is divided by 70.
67
What is the remainder when 359 is divided by 53?
41
What is the remainder when 138 is divided by 70?
68
What is the remainder when 261 is divided by 154?
107
Calculate the remainder when 2258 is divided by 1112.
34
Calculate the remainder when 321 is divided by 65.
61
Calculate the remainder when 359 is divided by 19.
17
Calculate the remainder when 535 is divided by 266.
3
Calculate the remainder when 13728 is divided by 31.
26
Calculate the remainder when 37 is divided by 33.
4
What is the remainder when 3041 is divided by 44?
5
What is the remainder when 301 is divided by 102?
97
Calculate the remainder when 633 is divided by 55.
28
What is the remainder when 13565 is divided by 57?
56
Calculate the remainder when 420 is divided by 130.
30
What is the remainder when 358 is divided by 36?
34
What is the remainder when 42 is divided by 12?
6
What is the remainder when 361 is divided by 18?
1
What is the remainder when 279 is divided by 116?
47
Calculate the remainder when 2380 is divided by 20.
0
What is the remainder when 1424 is divided by 14?
10
Calculate the remainder when 73 is divided by 14.
3
What is the remainder when 140 is divided by 54?
32
What is the remainder when 156 is divided by 29?
11
What is the remainder when 255 is divided by 5?
0
What is the remainder when 903 is divided by 181?
179
What is the remainder when 987 is divided by 139?
14
Calculate the remainder when 243 is divided by 101.
41
What is the remainder when 151 is divided by 81?
70
Calculate the remainder when 61 is divided by 17.
10
Calculate the remainder when 653 is divided by 109.
108
Calculate the remainder when 201 is divided by 29.
27
What is the remainder when 165 is divided by 29?
20
What is the remainder when 577 is divided by 117?
109
What is the remainder when 1545 is divided by 219?
12
Calculate the remainder when 2417 is divided by 32.
17
What is the remainder when 600 is divided by 121?
116
What is the remainder when 58 is divided by 23?
12
What is the remainder when 8403 is divided by 9?
6
What is the remainder when 10755 is divided by 20?
15
What is the remainder when 179 is divided by 89?
1
Calculate the remainder when 2335 is divided by 1152.
31
Calculate the remainder when 107 is divided by 12.
11
Calculate the remainder when 1996 is divided by 166.
4
Calculate the remainder when 118 is divided by 17.
16
Calculate the remainder when 3304 is divided by 19.
17
What is the remainder when 2720 is divided by 46?
6
What is the remainder when 552 is divided by 50?
2
What is the remainder when 13055 is divided by 192?
191
Calculate the remainder when 2289 is divided by 151.
24
What is the remainder when 346 is divided by 29?
27
Calculate the remainder when 369 is divided by 10.
9
What is the remainder when 10545 is divided by 137?
133
Calculate the remainder when 32 is divided by 28.
4
Calculate the remainder when 455 is divided by 51.
47
Calculate the remainder when 774 is divided by 252.
18
Calculate the remainder when 8279 is divided by 28.
19
Calculate the remainder when 263 is divided by 19.
16
Calculate the remainder when 1494 is divided by 23.
22
Calculate the remainder when 50 is divided by 39.
11
What is the remainder when 22411 is divided by 14?
11
Calculate the remainder when 417 is divided by 84.
81
Calculate the remainder when 28 is divided by 25.
3
What is the remainder when 43 is divided by 10?
3
What is the remainder when 11357 is divided by 247?
242
What is the remainder when 658 is divided by 240?
178
Calculate the remainder when 188 is divided by 31.
2
Calculate the remainder when 1407 is divided by 8.
7
Calculate the remainder when 41 is divided by 7.
6
Calculate the remainder when 513 is divided by 31.
17
What is the remainder when 586 is divided by 54?
46
What is the remainder when 634 is divided by 29?
25
What is the remainder when 188 is divided by 46?
4
What is the remainder when 836 is divided by 20?
16
Calculate the remainder when 616 is divided by 49.
28
Calculate the remainder when 297 is divided by 51.
42
What is the remainder when 1002 is divided by 17?
16
Calculate the remainder when 1022 is divided by 31.
30
Calculate the remainder when 538 is divided by 40.
18
What is the remainder when 1781 is divided by 81?
80
Calculate the remainder when 4985 is divided by 4.
1
Calculate the remainder when 323 is divided by 104.
11
What is the remainder when 88 is divided by 42?
4
Calculate the remainder when 45 is divided by 34.
11
Calculate the remainder when 12 is divided by 7.
5
What is the remainder when 45 is divided by 32?
13
Calculate the remainder when 428 is divided by 215.
213
Calculate the remainder when 280 is divided by 57.
52
What is the remainder when 722 is divided by 123?
107
What is the remainder when 29051 is divided by 36?
35
What is the remainder when 86 is divided by 12?
2
Calculate the remainder when 376 is divided by 15.
1
Calculate the remainder when 65 is divided by 33.
32
What is the remainder when 807 is divided by 369?
69
Calculate the remainder when 20710 is divided by 11.
8
Calculate the remainder when 247 is divided by 38.
19
What is the remainder when 75 is divided by 16?
11
Calculate the remainder when 2152 is divided by 126.
10
Calculate the remainder when 145 is divided by 42.
19
What is the remainder when 156 is divided by 146?
10
Calculate the remainder when 29 is divided by 23.
6
Calculate the remainder when 216 is divided by 91.
34
Calculate the remainder when 526 is divided by 17.
16
Calculate the remainder when 4298 is divided by 23.
20
What is the remainder when 48 is divided by 30?
18
What is the remainder when 33 is divided by 7?
5
What is the remainder when 1239 is divided by 32?
23
Calculate the remainder when 47 is divided by 34.
13
What is the remainder when 61 is divided by 38?
23
What is the remainder when 698 is divided by 100?
98
Calculate the remainder when 243 is divided by 217.
26
What is the remainder when 213 is divided by 73?
67
Calculate the remainder when 1657 is divided by 119.
110
What is the remainder when 201 is divided by 180?
21
What is the remainder when 112 is divided by 57?
55
What is the remainder when 3078 is divided by 143?
75
What is the remainder when 6388 is divided by 11?
8
Calculate the remainder when 98 is divided by 5.
3
What is the remainder when 58036 is divided by 127?
124
Calculate the remainder when 1603 is divided by 107.
105
Calculate the remainder when 1883 is divided by 65.
63
What is the remainder when 179 is divided by 179?
0
What is the remainder when 8913 is divided by 13?
8
What is the remainder when 3077 is divided by 154?
151
What is the remainder when 609 is divided by 12?
9
Calculate the remainder when 3258 is divided by 30.
18
What is the remainder when 853 is divided by 96?
85
What is the remainder when 70 is divided by 17?
2
Calculate the remainder when 116 is divided by 31.
23
Calculate the remainder when 242 is divided by 9.
8
What is the remainder when 363 is divided by 36?
3
Calculate the remainder when 162 is divided by 11.
8
What is the remainder when 607 is divided by 38?
37
Calculate the remainder when 3872 is divided by 58.
44
What is the remainder when 337 is divided by 170?
167
Calculate the remainder when 49 is divided by 25.
24
Calculate the remainder when 149 is divided by 74.
1
Calculate the remainder when 123 is divided by 14.
11
Calculate the remainder when 11 is divided by 2.
1
What is the remainder when 2025 is divided by 10?
5
Calculate the remainder when 223 is di